z be ((-4)/5)/(m/(-60)). Let o(c) = -c**3 - 7*c**2 - 6*c + 3. What is the remainder when 5 is divided by o(z)?
2
Suppose 115 = 3*a + 2*a. What is the remainder when a is divided by 12?
11
Let d(l) = l. Let t be d(-1). What is the remainder when 19 is divided by 1 + (-1)/(t/4)?
4
Let u be ((-1)/2)/(1/(-12)). Let b be 2 - -1 - (6 + 4). Let t = u - b. Calculate the remainder when t is divided by 7.
6
Let n(f) = -f**2 + 3*f + 2. Let c be n(3). Suppose -6 = c*l - 50. What is the remainder when 64 is divided by l?
20
Suppose 2*i - 10 = -4. What is the remainder when 3 is divided by i?
0
Suppose 5*h + 126 = 2*h. What is the remainder when 47/2 - 21/h is divided by 13?
11
Let d be (-4)/(-10) - (-624)/65. Let x = 12 - d. Calculate the remainder when 3 is divided by x.
1
Suppose -4*j + 4 = -0. Let n(r) = 18*r**2 + 1. What is the remainder when n(j) is divided by (45/6)/((-3)/(-4))?
9
Suppose -6*m = -m - 75. What is the remainder when m is divided by (0 + (-1)/(-3))/(21/378)?
3
Let f = 2 - 1. Suppose b = f - 3. Let a = 8 + b. What is the remainder when 11 is divided by a?
5
Let j = 29 + -69. Let x = j - -74. What is the remainder when x is divided by 19?
15
Let o = 41 + -20. Suppose 0 = 4*w - 5*l - 39, -l = -2*w + w + 10. Calculate the remainder when o is divided by w.
10
Let c = 112 - 103. What is the remainder when 35 is divided by c?
8
Let i = 6 + -6. Suppose i = 3*u + 4*b - 89, -4*u + 2*b - 4*b + 102 = 0. What is the remainder when u is divided by 6?
5
Suppose 30 = 19*p - 13*p. Calculate the remainder when 78 is divided by p.
3
Suppose 2*c - 62 = 10. Calculate the remainder when c is divided by 38/3*((-9)/(-2) + -3).
17
Let d(v) = 11*v - 3. What is the remainder when d(4) is divided by 22?
19
Suppose 0 = -5*v + 11 - 1. Suppose 0 = v*n - 19 - 25. Calculate the remainder when n is divided by 8.
6
Let b = -11 + 31. What is the remainder when 55 is divided by b?
15
Let i(j) = 4*j - 84. Suppose -5*r = x - 46, 6*x - 4*r = x + 143. Calculate the remainder when x is divided by i(23).
7
Suppose -5*d - 14 = -34. Suppose -d*x = x - 75. What is the remainder when 29 is divided by x?
14
Let s = 2 + 4. Suppose -5*m + w = -s, 1 + 0 = -w. What is the remainder when 53 is divided by ((-14)/(-4))/(m/4)?
11
Suppose 0 = 6*d - 3*d - 27. Let v(r) = -r**3 + 19*r**2 + 20*r + 16. What is the remainder when v(20) is divided by d?
7
Suppose -f - 3*m + 1 = -9, 5*f - 2*m - 50 = 0. What is the remainder when 27 is divided by f?
7
Let g(v) = -35*v - 122. Suppose 0 = -4*p, -2*y + 50 = 3*y + 4*p. Calculate the remainder when g(-4) is divided by y.
8
Suppose -13*c + 12*c + 28 = 0. Calculate the remainder when c is divided by 10.
8
Suppose 5*v = 10*v - 25. Suppose v*d + 5*i - 60 = 0, 29 = 5*d + 3*i - 37. What is the remainder when 44 is divided by d?
14
Let y be (-4)/(-4*(-3)/(-6)). Suppose -2*d + 29 = 3*g, -y*d = 3*d + 10. What is the remainder when 21 is divided by g?
10
Let b(i) = i**3 + 2*i**2 - i - 4. Calculate the remainder when b(3) is divided by 13.
12
Let q(z) = -5*z - 7. Suppose 2*t - t + 4*h = 25, h = -4*t + 40. Calculate the remainder when q(-8) is divided by t.
6
Let k = 36 - 12. What is the remainder when 93 is divided by k?
21
Let f = 87 - 52. What is the remainder when 104 is divided by f?
34
Let o = -7 + 4. Let w(v) = v**3 - 5*v**2 + 19*v - 41. What is the remainder when w(5) is divided by (1 + 1)/(o/(-21))?
12
Suppose -13*m + 8*m + 10 = 0. Suppose -m*p + 1 = -11. Let q = 39 + -28. What is the remainder when q is divided by p?
5
Let u = -18 + 24. Calculate the remainder when 59 is divided by u.
5
Suppose 0 = -y + 2*y - 33. What is the remainder when y is divided by 12?
9
Let m(f) = f**3 - 3*f**2 + f - 1. Let o be m(3). Suppose 0 = -o*i + 18 + 18. What is the remainder when i is divided by 10?
8
Let z be 2 + (-1 - -4)*-1. Let h = z - -21. What is the remainder when 79 is divided by h?
19
Let d(j) = -j**3 + 7*j**2 - j + 1. What is the remainder when d(5) is divided by 12?
10
Let q(n) = -n**3 - n**2 + 7*n + 6. Suppose -3*p + 30 = 3*y, -5*y + 4*p + 32 = -9. What is the remainder when q(-4) is divided by y?
8
Suppose -4*q + 0*q = -16. Suppose -q*k = -6 - 38. Calculate the remainder when 42 is divided by k.
9
Let o = 12 + 7. Calculate the remainder when o is divided by 7.
5
Let z = 117 + -59. Calculate the remainder when z is divided by 15.
13
Suppose 0*v + 2*f - 106 = -2*v, 2*f - 159 = -3*v. Suppose -3*p + 53 = y, 0*p - p + 13 = 5*y. Calculate the remainder when v is divided by p.
17
Let s(k) = -k**3 - 18*k**2 - k + 2. Let d(g) = g**2. Let m(a) = 6*d(a) + s(a). What is the remainder when m(-12) is divided by 9?
5
Suppose 3*b - 178 = 5*f, 4*f - 21 = -4*b + 195. What is the remainder when b is divided by 12?
8
Let g = 1 - -18. Let u = -7 + g. Calculate the remainder when 23 is divided by u.
11
Let r be 142/8 - (-4)/16. Let j = r + 29. Calculate the remainder when j is divided by 12.
11
Suppose 3*x = 47 - 14. What is the remainder when x is divided by (-3 - (5 + 0))*(-2)/4?
3
Let d = -3 + 7. What is the remainder when 15 is divided by ((-9)/d)/((-5)/20)?
6
Suppose -2*o + y - 2*y = -87, 2*o - 89 = -3*y. What is the remainder when o is divided by (-2)/(-4)*(-270)/(-9)?
13
Suppose 20 + 7 = -x. Let b(c) = -c**2 - 6*c - 4. Let m be b(-4). Let p = m - x. Calculate the remainder when p is divided by 16.
15
Let f = 9 - 34. Let z = -18 - f. Calculate the remainder when 18 is divided by z.
4
Suppose 0 = 3*t - c - 248, 2*c - 4*c = 4*t - 334. Calculate the remainder when t is divided by 30.
23
Suppose -2*r + 100 + 160 = 3*i, 0 = 4*i - r - 365. Calculate the remainder when i is divided by 31.
28
Let h(p) = -2*p**3 - 13*p**2 + 5*p - 5. Let r(a) = -a**3 - 7*a**2 + 3*a - 2. Let u(x) = -3*h(x) + 5*r(x). Calculate the remainder when 13 is divided by u(-4).
3
Let c(z) = 5*z**2 + 2*z**3 - 3*z**3 - 4*z**2 - 1 - z. Let p(l) = -l**3 - 9*l**2 + 11*l + 8. Let n be p(-10). What is the remainder when 25 is divided by c(n)?
12
Calculate the remainder when 68 is divided by (-46)/8*-4 + 2 + -1.
20
Let p = -188 - -209. What is the remainder when p is divided by (-106)/(-10) - 4/(-10)?
10
Suppose -2*s = -s - 1. Calculate the remainder when s/(-3 - 39/(-12)) is divided by (0 - (-2)/(-4))*-6.
1
Let w(t) = 6*t + 1. What is the remainder when -4 - -9 - 4 - -73 is divided by w(4)?
24
Let i = 72 + -50. Calculate the remainder when i is divided by 12.
10
Let a(w) = 2*w + 26. Calculate the remainder when a(19) is divided by 34.
30
Suppose 4*l - 28 = 2*l. Let w = l - 5. Calculate the remainder when 29/2 - (-6)/12 is divided by w.
6
What is the remainder when 57 is divided by ((-8)/(-6))/(2/30)?
17
Suppose -2*i + 23 = -i. Let a(r) = -r**2 - 3*r + 13. What is the remainder when i is divided by a(0)?
10
Suppose 0 = -3*r + 7 - 1. Let s = 29 + -9. Calculate the remainder when s is divided by -11*(-2 + -1 + r).
9
Let w(y) = 11*y + 2. Calculate the remainder when 69 is divided by w(3).
34
Let z = 36 - 15. Calculate the remainder when z is divided by 4.
1
Let m(a) = 2*a**3 + a**2 + 3*a - 1. Let o(g) = -g**3 - g**2 - g. Let p(x) = 2*m(x) + 5*o(x). What is the remainder when 19 is divided by p(-4)?
9
Suppose 16*n - 20*n + 8 = 0. Let d(o) be the first derivative of o**2 - 8*o - 1. Calculate the remainder when d(6) is divided by n.
0
What is the remainder when 122/3 - (-1 + 2/3) is divided by 7?
6
Let k(x) = 19*x - 1. Suppose 8 = 4*c - l, -6 = 5*l + 14. Let p be k(c). Let t = -8 + p. Calculate the remainder when 28 is divided by t.
8
Suppose -15*i = -20*i + 145. What is the remainder when i is divided by 16?
13
Let n = 72 - 67. Calculate the remainder when 7 is divided by n.
2
Let v(q) = q**2 - 7*q + 8. Suppose 5*n + d - 30 = -0*d, 2*d + 10 = 0. Calculate the remainder when 21 is divided by v(n).
5
Let x(z) = 21*z**3 + z**2 - 1. Let f = -8 + 3. Let h(v) = -v**2 - 8*v - 4. What is the remainder when x(1) is divided by h(f)?
10
Suppose -63 = -5*h + 17. Calculate the remainder when 4 - 9/(27/(-120)) - -2 is divided by h.
14
Let n = -26 + 45. What is the remainder when n is divided by 7?
5
What is the remainder when 38 is divided by (-2 - 2 - -15) + -1?
8
Let m be 6/(-21) + (-82)/7. Let x = 3 - m. Suppose q + 36 = 5*z, 6 = -5*z + 4*q + 30. Calculate the remainder when x is divided by z.
7
Let y be (301/(-14))/((-1)/(-2)). Let 